hest common divisor of n and a?
47
Suppose -6*y + 10*y = -3*v + 765, y + v - 192 = 0. What is the highest common factor of y and 18?
9
Let z = 9856 + -9771. What is the greatest common factor of 175 and z?
5
Suppose 5450 = -17*c - 8*c. Let l = c + 225. Let r be ((-21)/2)/(-3)*2. What is the highest common factor of l and r?
7
Let a be (-60826)/85*(1 + (-14)/4). Suppose a = 8*k + 109. Let x be 68/85*k/4. What is the highest common divisor of x and 420?
42
Suppose 6*j + 42 = -78. Let p be (j/12)/((-25)/360). Let r = 25 + -17. What is the greatest common factor of p and r?
8
Let v(g) = 15*g + 248. Suppose -10*q - 34 = 46. Let i be v(q). Calculate the highest common factor of 24 and i.
8
Let r(d) = -d - 56. Let q be r(0). Let i = -101 - q. Let w be (i/(-25))/(2/130). Calculate the highest common factor of 13 and w.
13
Let w(s) = -26*s - 39. Let a be (144/(-27) - 1) + 10/(-6). Let q be w(a). Calculate the highest common divisor of q and 13.
13
Let t(m) = 7*m**2 + 19*m + 98. Let b be t(-19). Calculate the highest common factor of 16 and b.
8
Let b = -500 - -420. Let w = 106 + b. Calculate the greatest common factor of 234 and w.
26
Suppose 10*p - 60 = 60. Let l(i) = i**3 + 13*i**2 - 2*i + 18. Let y be l(-13). Let w = y - 41. Calculate the greatest common divisor of w and p.
3
Let a(z) = 2*z**2 - 166*z + 1852. Let h be a(70). What is the highest common divisor of 2944 and h?
32
Let w be (-13)/(-8 + 35/5). Suppose -16 = -w*x + 23. What is the greatest common divisor of 1 and x?
1
Let i = -1328 - -759. Let d = i - -576. What is the greatest common divisor of 2 and d?
1
Suppose 18*v + 11*v = 116. Suppose 5712 = v*z - 4*w, -z + 377 = -5*w - 1039. What is the greatest common factor of 53 and z?
53
Let t = 1348 - 1258. Suppose -3*i - 10 = -8*i, i = h - 70. Calculate the greatest common divisor of t and h.
18
Let p = -16 + 23. Suppose 3*w = -n + 4*n + 60, 5*w - 106 = -n. What is the highest common factor of w and p?
7
Let r(s) = s**2 - 77*s + 1589. Let a be r(25). What is the greatest common divisor of a and 34?
17
Suppose -269 + 768 = 12*t - 413. What is the greatest common factor of t and 2052?
76
Let g be (4*77/(-44))/(-1). Calculate the greatest common divisor of 2569 and g.
7
Let s(r) = 636*r - 549. Let w be s(1). Calculate the greatest common divisor of 8178 and w.
87
Let u = -156 + 209. Suppose 87 + u = 10*c. What is the greatest common factor of 42 and c?
14
Suppose 11*m - 14 = 4*m. Let j be 32*2/(-6)*21/m. Let z = 188 + j. Calculate the highest common factor of 57 and z.
19
Suppose 0 = 9046*v - 9048*v + 22. Calculate the greatest common divisor of v and 7403.
11
Let o be -30*((-12)/5 + 2). Let l be o/(-14)*(8 + -1). Let f be 12/l + 9 + -2. What is the highest common divisor of f and 20?
5
Let s(d) be the first derivative of 29*d**3/3 + 3*d**2 - 9*d + 107. Let u be s(2). Calculate the highest common factor of 14 and u.
7
Suppose -46*s = -6392 - 3268. What is the greatest common divisor of 150 and s?
30
Let a = -24039 + 27443. Calculate the highest common factor of a and 185.
37
Suppose 4114 = 32*h + 2*h. What is the greatest common factor of 44 and h?
11
Let i be 290/(-25)*35/(-14). Let q be (23/(-46))/(1/(-290)). What is the highest common divisor of i and q?
29
Let s be (-7105)/(-98) + 1/(-2). Calculate the greatest common factor of 369 and s.
9
Let o = 159 + -99. Suppose 282 = 6*f - o. What is the greatest common divisor of f and 228?
57
Suppose -11*o + 7 = -37. Suppose -304 = -k + 2*m + m, o*m + 4 = 0. Calculate the highest common factor of 43 and k.
43
Let i = 38664 - 38624. Let a = -454 + 774. What is the highest common factor of a and i?
40
Let m = -16965 + 17030. Suppose -2*y = 3*y - 15. Suppose 57 = 4*h - y*i + 17, 4*h + 5*i - 72 = 0. Calculate the greatest common divisor of h and m.
13
Let x = -41 + 44. Suppose -3*k - x*i - 38 = 2*k, -1 = i. Let c be 7 - (k + 8/2). Calculate the greatest common divisor of c and 2.
2
Let d(b) = -2*b - 5. Let g be d(-10). Let c be (6/(-4))/((-18)/612)*45/27. Calculate the greatest common divisor of c and g.
5
Let u = 56 - 32. Let r = 28 - u. Suppose 5*y - 88 = r*y. Calculate the highest common factor of 22 and y.
22
Suppose -51 = 25*b - 26*b. Calculate the highest common divisor of 3247 and b.
17
Suppose -5*a = 284 - 1324. Let y be 8/28*(-7 - 0)/(13/(-416)). Calculate the greatest common factor of a and y.
16
Suppose -13*g + 1007 = -2113. Let v = g - 226. What is the highest common divisor of 224 and v?
14
Let j be (12/(-27))/(350/315) + 106431/15. What is the greatest common factor of j and 55?
55
Let h = -4 + 8. Suppose 2 = 3*z - h. Suppose z*m = -m + 21. Calculate the highest common factor of m and 7.
7
Let y = -32069 - -34960. Calculate the greatest common factor of 147 and y.
49
Let m(a) = -3*a**2 - 17*a - 17. Let l be m(7). Let i = l + 483. What is the highest common factor of i and 25?
25
Suppose -8 = -3*y - y, -3*h = -y + 122. Let c = -35 - h. What is the greatest common factor of c and 5?
5
Let r = -180091 + 180156. Suppose 25 = -5*i, -2*p + i = -p - 6. Let d = p + 12. What is the highest common factor of r and d?
13
Let s(l) = 2*l - 36. Let x = 31 - 9. Let m be s(x). Let g(z) = 8*z. Let f be g(5). Calculate the greatest common divisor of m and f.
8
Let g(j) = 12*j + j**3 + 34 + 8*j + 14*j**2 + 4 + 5. Let l be g(-12). Let v = 20 + -7. What is the greatest common divisor of l and v?
13
Suppose u - 10 = -u, 3*l - 1226 = -u. Let b = 497 - l. Calculate the greatest common factor of 3 and b.
3
Suppose -21*h + 44183 = -1429. What is the highest common divisor of h and 48?
12
Suppose 0 = 5*f + 5*g - 75, -5*g + 6*g = 5*f - 75. Suppose 22*b - f*b - 98 = 0. Let q = 387 - 233. What is the highest common factor of b and q?
14
Suppose 5*d = a + 42 - 249, -d = a - 177. Suppose 6*n = 11 + 157. Let p = -2 + n. What is the highest common divisor of a and p?
26
Let x be (132/(-18))/(-11)*(-4 - 2373/(-6)). Suppose 4*a - 7*a + 348 = 0. What is the highest common factor of x and a?
29
Suppose 32*s + 42*s - 1634 = 6136. Calculate the highest common divisor of s and 525.
105
Let t = -75 - -58. Let z = 16 + t. Let q be 132 - 0/(6 + z). What is the greatest common factor of 12 and q?
12
Suppose 87*h - 12 = 99*h. Let i be 128/12*h/(10/(-15)). Calculate the highest common divisor of 30 and i.
2
Let p(w) = 68*w - 332. Let x be p(11). What is the greatest common divisor of x and 13?
13
Let k(d) = d**3 + 16*d**2 + 33*d + 32. Let q be k(-14). Let n = q + 66. Calculate the greatest common factor of 42 and n.
14
Let a be -5 + (-33)/(-3) + 4. Let g be (-18 + a/2)*-2. Suppose 27*y - g*y = 16. Calculate the highest common factor of y and 24.
8
Let t = -38 + 61. Suppose -5*o + r + 5 = -t, 5*r + 15 = 0. Suppose -5*l - o*f = -305, -5*f + 2*f + 123 = 2*l. What is the greatest common divisor of 20 and l?
20
Let i = 129 + -126. Suppose 5*v - i*h - 1161 = 0, -4*v + 5*h = -433 - 501. What is the greatest common factor of v and 21?
21
Let d be 4/(-8)*2*340. Let k = d + 355. What is the greatest common divisor of k and 60?
15
Let v(c) = -275*c - 2917. Let p be v(-11). What is the greatest common divisor of 7938 and p?
54
Let y(m) = -6*m**2 - 6*m + 37. Let l(w) = 7*w**2 + 7*w - 38. Let r(c) = -5*l(c) - 6*y(c). Let j be r(9). What is the highest common divisor of 58 and j?
58
Let g(u) = -2*u**2 + 2*u + 105. Let m be g(0). Calculate the highest common divisor of 600 and m.
15
Suppose -51*m = -53*m + 390. Suppose 3*a = 261 + m. What is the highest common factor of 16 and a?
8
Suppose -j + 4*j - 222 = -2*n, 4*n = 3*j + 390. Calculate the highest common divisor of 318 and n.
6
Let m = 11125 - 10798. What is the highest common divisor of m and 872?
109
Suppose 27*u - 83 - 13 = -15. Let y = -16 - -28. Calculate the highest common factor of y and u.
3
Let l = 3582 - 3536. Calculate the highest common divisor of 12 and l.
2
Suppose -29*n + 293 = -84. Suppose -4*p + 12 + 2 = -3*z, -p + 4*z = -10. Suppose p*i - 682 = -240. What is the greatest common divisor of n and i?
13
Let j be ((-24)/(-28))/((-1)/(-7)). Suppose 68*c - 63*c = 370. Suppose -20 = j*n - c. What is the highest common divisor of n and 18?
9
Suppose 20580 = 6*u - 9330. Calculate the highest common factor of u and 5.
5
Suppose -11*a - 16 = -159. Let b = 43 - a. What is the highest common